{"id":123,"date":"2025-07-22T13:44:42","date_gmt":"2025-07-22T13:44:42","guid":{"rendered":"https:\/\/berrelhas.celeumasandbox.pt\/muv\/?page_id=123"},"modified":"2025-07-30T15:05:53","modified_gmt":"2025-07-30T15:05:53","slug":"rede-de-vendas","status":"publish","type":"page","link":"https:\/\/berrelhas.celeumasandbox.pt\/muv\/rede-de-vendas\/","title":{"rendered":"Rede de Vendas"},"content":{"rendered":"<h2>Pontos de Venda<\/h2>\n<p>Os t\u00edtulos de transporte do MUV podem ser adquiridos ou carregados em diversos pontos de venda distribu\u00eddos pela cidade, garantindo maior comodidade para os utilizadores. O principal local de atendimento \u00e9 o Posto MUV, situado no Interface de Transportes de Viseu, onde \u00e9 poss\u00edvel tratar de todos os assuntos relacionados com bilh\u00e9tica, incluindo a emiss\u00e3o de cart\u00f5es e passes. Para maior conveni\u00eancia, existem tamb\u00e9m quiosques e agentes autorizados em v\u00e1rios pontos da cidade, assim como m\u00e1quinas autom\u00e1ticas que permitem o carregamento de cart\u00f5es de forma r\u00e1pida e aut\u00f3noma. Estas alternativas facilitam o acesso ao servi\u00e7o e tornam o processo de compra e recarga mais simples e acess\u00edvel a todos.<\/p>\n","protected":false},"excerpt":{"rendered":"<p>Pontos de Venda Os t\u00edtulos de transporte do MUV podem ser adquiridos ou carregados em diversos pontos de venda distribu\u00eddos pela cidade, garantindo maior comodidade para os utilizadores. O principal local de atendimento \u00e9 o Posto MUV, situado no Interface de Transportes de Viseu, onde \u00e9 poss\u00edvel tratar de todos os assuntos relacionados com bilh\u00e9tica, [&hellip;]<\/p>\n","protected":false},"author":1,"featured_media":0,"parent":0,"menu_order":0,"comment_status":"closed","ping_status":"closed","template":"page-rede.php","meta":{"_acf_changed":false,"footnotes":""},"class_list":["post-123","page","type-page","status-publish","hentry"],"acf":[],"_links":{"self":[{"href":"https:\/\/berrelhas.celeumasandbox.pt\/muv\/wp-json\/wp\/v2\/pages\/123","targetHints":{"allow":["GET"]}}],"collection":[{"href":"https:\/\/berrelhas.celeumasandbox.pt\/muv\/wp-json\/wp\/v2\/pages"}],"about":[{"href":"https:\/\/berrelhas.celeumasandbox.pt\/muv\/wp-json\/wp\/v2\/types\/page"}],"author":[{"embeddable":true,"href":"https:\/\/berrelhas.celeumasandbox.pt\/muv\/wp-json\/wp\/v2\/users\/1"}],"replies":[{"embeddable":true,"href":"https:\/\/berrelhas.celeumasandbox.pt\/muv\/wp-json\/wp\/v2\/comments?post=123"}],"version-history":[{"count":4,"href":"https:\/\/berrelhas.celeumasandbox.pt\/muv\/wp-json\/wp\/v2\/pages\/123\/revisions"}],"predecessor-version":[{"id":219,"href":"https:\/\/berrelhas.celeumasandbox.pt\/muv\/wp-json\/wp\/v2\/pages\/123\/revisions\/219"}],"wp:attachment":[{"href":"https:\/\/berrelhas.celeumasandbox.pt\/muv\/wp-json\/wp\/v2\/media?parent=123"}],"curies":[{"name":"wp","href":"https:\/\/api.w.org\/{rel}","templated":true}]}}